the thousands digit of 1433598?
3
What is the hundred thousands digit of 2034417?
0
What is the ten thousands digit of 26477?
2
What is the thousands digit of 1027465?
7
What is the tens digit of 6804?
0
What is the thousands digit of 212800?
2
What is the hundred thousands digit of 577727?
5
What is the thousands digit of 513412?
3
What is the units digit of 51153?
3
What is the hundreds digit of 8531526?
5
What is the hundred thousands digit of 573939?
5
What is the ten thousands digit of 3033669?
3
What is the tens digit of 644470?
7
What is the units digit of 17697456?
6
What is the units digit of 5960138?
8
What is the thousands digit of 7223723?
3
What is the thousands digit of 9391027?
1
What is the tens digit of 76834?
3
What is the tens digit of 369208?
0
What is the units digit of 2044740?
0
What is the ten thousands digit of 3523160?
2
What is the units digit of 121098?
8
What is the hundreds digit of 644704?
7
What is the millions digit of 5852406?
5
What is the units digit of 3048657?
7
What is the units digit of 2817155?
5
What is the tens digit of 487788?
8
What is the thousands digit of 589934?
9
What is the tens digit of 650950?
5
What is the hundreds digit of 654872?
8
What is the thousands digit of 142578?
2
What is the units digit of 598329?
9
What is the tens digit of 4397480?
8
What is the hundreds digit of 2557312?
3
What is the tens digit of 3369674?
7
What is the ten thousands digit of 101848?
0
What is the millions digit of 1698899?
1
What is the ten thousands digit of 85429?
8
What is the tens digit of 1120003?
0
What is the ten thousands digit of 322791?
2
What is the ten thousands digit of 821617?
2
What is the ten thousands digit of 10579?
1
What is the hundred thousands digit of 880401?
8
What is the thousands digit of 14794714?
4
What is the ten thousands digit of 1136458?
3
What is the units digit of 360117?
7
What is the hundred thousands digit of 37552996?
5
What is the units digit of 15675447?
7
What is the ten thousands digit of 540825?
4
What is the hundreds digit of 21967830?
8
What is the units digit of 272004?
4
What is the ten thousands digit of 496222?
9
What is the hundreds digit of 241218?
2
What is the hundreds digit of 966432?
4
What is the units digit of 13417729?
9
What is the tens digit of 1962025?
2
What is the hundred thousands digit of 1271463?
2
What is the hundreds digit of 383623?
6
What is the tens digit of 402529?
2
What is the units digit of 12239495?
5
What is the hundred thousands digit of 573537?
5
What is the hundred thousands digit of 10433206?
4
What is the hundreds digit of 5701964?
9
What is the tens digit of 705514?
1
What is the millions digit of 16580037?
6
What is the tens digit of 2254415?
1
What is the units digit of 24052?
2
What is the units digit of 958351?
1
What is the thousands digit of 1226405?
6
What is the millions digit of 1237967?
1
What is the ten thousands digit of 23327772?
2
What is the thousands digit of 636718?
6
What is the thousands digit of 308801?
8
What is the ten thousands digit of 71979?
7
What is the hundred thousands digit of 1037734?
0
What is the units digit of 3071013?
3
What is the hundred thousands digit of 264559?
2
What is the ten thousands digit of 455101?
5
What is the hundreds digit of 2153208?
2
What is the hundreds digit of 563432?
4
What is the ten thousands digit of 740608?
4
What is the hundred thousands digit of 398563?
3
What is the hundreds digit of 12448248?
2
What is the tens digit of 132222?
2
What is the units digit of 551787?
7
What is the thousands digit of 9545677?
5
What is the tens digit of 1148852?
5
What is the tens digit of 6932691?
9
What is the millions digit of 5433733?
5
What is the ten thousands digit of 3366945?
6
What is the tens digit of 1697212?
1
What is the hundred thousands digit of 522994?
5
What is the hundreds digit of 2899666?
6
What is the ten millions digit of 23144029?
2
What is the hundred thousands digit of 247605?
2
What is the tens digit of 120181?
8
What is the hundred thousands digit of 2287359?
2
What is the units digit of 522765?
5
What is the hundreds digit of 3598276?
2
What is the ten thousands digit of 9409854?
0
What is the thousands digit of 98842?
8
What is the ten thousands digit of 488845?
8
What is the hundred thousands digit of 192885?
1
What is the tens digit of 333618?
1
What is the tens digit of 4347689?
8
What is the units digit of 9695?
5
What is the ten thousands digit of 2474857?
7
What is the ten thousands digit of 5058551?
5
What is the tens digit of 43473?
7
What is the hundreds digit of 6601566?
5
What is the hundred thousands digit of 309900?
3
What is the hundred thousands digit of 358586?
3
What is the hundreds digit of 2647552?
5
What is the tens digit of 648003?
0
What is the thousands digit of 2107446?
7
What is the tens digit of 40259?
5
What is the hundred thousands digit of 1457318?
4
What is the units digit of 1201133?
3
What is the tens digit of 2990886?
8
What is the ten thousands digit of 17535460?
3
What is the thousands digit of 528759?
8
What is the hundred thousands digit of 229816?
2
What is the ten thousands digit of 221722?
2
What is the hundreds digit of 57364?
3
What is the hundred thousands digit of 32955880?
9
What is the ten thousands digit of 2299761?
9
What is the thousands digit of 105984?
5
What is the thousands digit of 4192043?
2
What is the hundred thousands digit of 1882358?
8
What is the tens digit of 1467639?
3
What is the ten millions digit of 20177477?
2
What is the hundreds digit of 28289276?
2
What is the hundred thousands digit of 4518929?
5
What is the ten thousands digit of 171999?
7
What is the tens digit of 620962?
6
What is the units digit of 3557037?
7
What is the tens digit of 21169142?
4
What is the ten thousands digit of 68517?
6
What is the hundreds digit of 72865?
8
What is the hundred thousands digit of 2650498?
6
What is the hundred thousands digit of 266164?
2
What is the millions digit of 3340069?
3
What is the tens digit of 6871681?
8
What is the units digit of 209465?
5
What is the millions digit of 1125674?
1
What is the units digit of 1750126?
6
What is the thousands digit of 2062950?
2
What is the thousands digit of 102098?
2
What is the units digit of 95449?
9
What is the tens digit of 687724?
2
What is the tens digit of 328134?
3
What is the hundreds digit of 2038870?
8
What is the ten thousands digit of 819875?
1
What is the millions digit of 7547377?
7
What is the hundreds digit of 110516?
5
What is the ten thousands digit of 81690?
8
What is the hundred thousands digit of 4476517?
4
What is the tens digit of 828529?
2
What is the thousands digit of 277369?
7
What is the hundreds digit of 2120111?
1
What is the ten thousands digit of 39645?
3
What is the hundreds digit of 6282717?
7
What is the hundreds digit of 2291802?
8
What is the millions digit of 4186843?
4
What is the units digit of 686061?
1
What is the thousands digit of 7058151?
8
What is the hundreds digit of 357432?
4
What is the hundreds digit of 5705300?
3
What is the thousands digit of 2461345?
1
What is the ten thousands digit of 7640711?
4
What is the ten thousands digit of 445907?
4
What is the ten thousands digit of 302361?
0
What is the thousands digit of 96231?
6
What is the units digit of 219053?
3
What is the units digit of 5571318?
8
What is the millions digit of 6049441?
6
What is the hundred thousands digit of 3369234?
3
What is the ten thousands digit of 1999707?
9
What is the ten thousands digit of 4412201?
1
What is the ten millions digit of 19915209?
1
What is the units digit of 2018005?
5
What is the ten thousands digit of 84016?
8
What is the ten thousands digit of 1978288?
7
What is the units digit of 1685985?
5
What is the ten thousands digit of 78554?
7
What is the hundred thousands digit of 1935776?
9
What is the thousands digit of 2656556?
6
What is the units digit of 3187736?
6
What is the hundred thousands digit of 629285?
6
What is the hundreds digit of 3078783?
7
What is the thousands digit of 21917048?
7
What is the ten thousands digit of 1980277?
8
What is the hundreds digit of 231269?
2
What is the thousands digit of 137742?
7
What is the hundred thousands digit of 1940658?
9
What is the hundreds digit of 20